e -4*m + z = -80, 8 = 3*z - z. Suppose -m = -11*k + 4*k. Suppose -k*g + 20 = -130. What are the prime factors of g?
2, 5
Let b be (-86)/8 - (-1)/(8/(-2)). What are the prime factors of (-1062)/(-33) - ((-2)/b)/1?
2
Suppose -539 = -6*m + 3637. List the prime factors of m.
2, 3, 29
Let v = 743 - -180. What are the prime factors of v?
13, 71
Let i = 120 - -181. What are the prime factors of i?
7, 43
Suppose 2*s = 16*s. Let q(h) = -h**3 + 2*h**2 + 65. What are the prime factors of q(s)?
5, 13
Let p be 6/18 - (-71)/3. Suppose -p = -5*t + 21. List the prime factors of t.
3
Let g(z) = -55*z - 71 + 25*z + 54*z. What are the prime factors of g(6)?
73
Suppose -255812 + 70616 = -92*x. List the prime factors of x.
3, 11, 61
Let w = 217 + -98. Suppose 31 = 5*a - w. List the prime factors of a.
2, 3, 5
Let x = 55 - 58. Let v(w) = 3*w**2 + w - 10. List the prime factors of v(x).
2, 7
Let r(h) = -2*h - 12. Let i be r(-10). What are the prime factors of i/(-36) + (-893)/(-9)?
3, 11
What are the prime factors of 1*5 - (-20088)/36?
563
Suppose a + 126*k - 1435 = 129*k, 4*a = 4*k + 5708. List the prime factors of a.
1423
Let u(j) = j**3 + 15*j**2 + 35*j - 10. What are the prime factors of u(-6)?
2, 13
Let j = 19 + -17. Suppose j*u + 0*u = 174. List the prime factors of u.
3, 29
Let d be 8/(-2) + 0 + 6. What are the prime factors of (4 + d)/(3/12)?
2, 3
Let j be (168/20)/(15/50). Let r = j + 37. List the prime factors of (r - -1) + (-8)/(-8).
67
Let k(c) = -62*c**2 - 3*c - 1. Let x be k(-1). Let w = x + 89. List the prime factors of w.
29
Let m(f) = 2*f - 6. Let r be m(4). Suppose 0*l - 3*l = 2*c - 257, -r*c = 5*l - 427. Let j = l + -61. List the prime factors of j.
2, 3
Let v(n) = 17*n - 35. Let k = -96 - -115. List the prime factors of v(k).
2, 3
Let f(w) = w**3 + 4*w**2 + w - 4. Let i be f(-3). Let b(c) = -2*c + 6*c**i + 4*c - 2*c + 3*c - 2. List the prime factors of b(2).
2, 7
What are the prime factors of (-2 - 1) + (0/3 - -1261)?
2, 17, 37
Let r = 12 + -7. Suppose 0*s + 4*t = r*s - 274, 0 = -5*s - 2*t + 298. What are the prime factors of s?
2, 29
Let v = 15 - 13. Suppose 0 = -5*r + 5, -v*u - r = r - 58. Suppose 0 = -4*x + 12, 2*x - u = 3*s - 175. List the prime factors of s.
3, 17
Let h(p) = -2*p**3 + 43*p**2 - 30*p - 1. List the prime factors of h(20).
599
Let u(b) = -b**2 - 5*b + 7. Let s be -6 + 4/(-12)*0. Let r be u(s). Suppose 0 = -x + 10 - r. What are the prime factors of x?
3
Let l(h) be the second derivative of -13*h**3/3 + 4*h**2 - 15*h. List the prime factors of l(-4).
2, 7
Suppose 0*u + 5*u = 1440. List the prime factors of u.
2, 3
Suppose 0 = -3*r - 217 + 988. Let v = -146 + r. List the prime factors of v.
3, 37
Suppose -3*h = -48 - 348. Suppose -7*v - h = -11*v. What are the prime factors of v?
3, 11
Suppose 4*j + 143 + 61 = 0. Let t = 15 + j. What are the prime factors of -7*(t/4 + -1)?
2, 5, 7
Let k(o) = 134*o - 30. List the prime factors of k(5).
2, 5
Suppose 0 = -2*q - 4*b - 8, 0 = 2*q + 3*q + 4*b + 2. Suppose 0 = q*n - 419 + 99. What are the prime factors of n?
2, 5
Let i(k) = 28*k**2 - 2*k - 4. Let o be 2 + 0*2/8. List the prime factors of i(o).
2, 13
Suppose 4*f - k + 604 = 6*f, -5*f = k - 1504. List the prime factors of f.
2, 3, 5
Let v(h) = h + 1. Let c be v(1). Suppose 0 = 5*z + c*r + r - 93, 3*r - 72 = -4*z. List the prime factors of z.
3, 7
Let w(c) = c**3 + 16*c**2 + 29*c + 27. Let m be -9 + (-9)/(45/20). List the prime factors of w(m).
157
Suppose 0 = 5*r - 3*j - 307, 0*j + 122 = 2*r - 2*j. List the prime factors of (r/10)/((-7)/(-35)).
31
Let m(u) = 71*u - 1. Let r be m(3). Suppose -5*c + 7*c - r = 0. Suppose -2*o + 18 = -c. What are the prime factors of o?
2, 31
Let t = -37 + 37. Suppose -x - 4*l + 95 = t, 5*x - 3*l - 453 = 45. What are the prime factors of x?
3, 11
Let u = -190 - -1134. What are the prime factors of u?
2, 59
Let f be 2/8 - (39/12 - 1). List the prime factors of f/(-5) - -623*5/25.
5
Let u = 580 - 319. Suppose 2*y + 435 = 5*n, -3*n + 3*y + u = -2*y. What are the prime factors of n?
3, 29
Let j(x) = 2*x**3 - 42*x**2 + 96*x + 1. List the prime factors of j(24).
7, 823
Let d = 60 - 6. Suppose 2*m + d = 180. What are the prime factors of m?
3, 7
Suppose -3*f - a = -f + 104, -f = 3*a + 57. Let m = f - -62. List the prime factors of m.
11
Let m be 33/7 - (-6 - (-120)/21). Suppose -5*v + 0*f = f - 489, m*v - f - 491 = 0. What are the prime factors of v?
2, 7
Let o(l) = 2*l**3 - 15*l**2 + 7*l - 10. Let g be o(10). Let i = g + -313. List the prime factors of i.
13, 19
Suppose 4*u = 2*f, 4*u - 5 = f + u. Suppose f*q = -4*q + 3360. List the prime factors of q.
2, 3, 5
What are the prime factors of (-92)/(-322) - -803*(-1)/(-7)?
5, 23
Suppose -2*q = 2*q - 20, 3*g - 31 = -5*q. List the prime factors of (14 - -46) + (1 - g).
59
Let m(o) = 2*o + 12. Let a(h) = 7*h - 1. Let g be a(1). List the prime factors of m(g).
2, 3
Suppose -5*l - 18337 = -16*l. What are the prime factors of l?
1667
Let f = 1946 + -670. What are the prime factors of f?
2, 11, 29
Let j(a) = 7*a**2 + 4*a - 17. Let p(o) = 3*o**2 + 2*o - 9. Let z(n) = -2*j(n) + 5*p(n). What are the prime factors of z(5)?
2, 3
Suppose 0 = -3*x + 1537 + 1865. What are the prime factors of x?
2, 3, 7
Let q be 1 + (-1 - -404) + 2. Let b = -193 + q. What are the prime factors of b?
3, 71
Suppose 4*h - 53 = 2*g + 35, 4*h - 5*g = 94. Let t be 3303/h + (-12)/42. Suppose v + 38 = 3*y - 113, 3*y + 2*v - t = 0. What are the prime factors of y?
3, 17
Let i be -3 + -2*(1 + 0). Let u be 7/((-28)/8) - i. Suppose -5*d = -2*q - 200, 5*d + u*q + q - 200 = 0. List the prime factors of d.
2, 5
Let b(g) = -g**3 - 15*g**2 - 20*g - 7. Let m be b(-14). Suppose -2*i = 4*c - 46 + 6, 4*i - m = -5*c. List the prime factors of i.
2, 3
Let n(k) = -k**2 - k - 1. Let g(b) = 2*b**3 - 8*b**2 + 27*b - 13. Let v(f) = g(f) + 4*n(f). List the prime factors of v(6).
11
Suppose -2*d + 3*h - 8*h = -11, 0 = -2*d + 5*h + 61. Suppose c - 15 = -4*c, -2*l + 19 = -3*c. Suppose l*t = d*t - 232. What are the prime factors of t?
2, 29
Let c(o) = -63*o - 16. Let v be c(-5). Suppose -5*p - 2*d = -813 + 288, -3*p = -2*d - v. List the prime factors of p.
103
Let v be (-3)/(-1) - (5 + -3). What are the prime factors of (17/17)/(v + 392/(-394))?
197
Let a be 363/(-9) + 4 + 33/(-9). Let l = 101 - 34. Let m = a + l. List the prime factors of m.
3
Let n = -41 - -37. List the prime factors of n/38 + 14839/361.
41
Let b = 364 - 356. List the prime factors of b.
2
Let i = -17 - -16. What are the prime factors of (-1)/i + 142 - (-23 - -23)?
11, 13
List the prime factors of (-42)/(-98) + 1187/7.
2, 5, 17
Let h be 92/(-4 + 0) + 3. What are the prime factors of (-208)/h*2/(4/5)?
2, 13
Let w = 673 - 394. What are the prime factors of w?
3, 31
Let v be (-2)/4*1*-110. Suppose 4*s - v = -s. Suppose -s = 5*m - 146. What are the prime factors of m?
3
Let v(s) = -2*s + 2076. What are the prime factors of v(0)?
2, 3, 173
Suppose 15 = -2*g + 4*t + 89, 5*t = 5*g - 210. Suppose 0*c - 33 = -3*h + 3*c, 5*h - g = c. List the prime factors of 22/4*(-7 + h).
11
Suppose -5*m - 31 = -5*f - 1, -6 = 2*m. Let q(p) = 7 + 2 + 9*p**2 - 5*p - 7 + p**f. List the prime factors of q(-9).
47
Suppose -4*g = -3*f - 5*g + 12, f + 5*g + 10 = 0. Suppose f*p + 214 - 669 = 0. List the prime factors of p.
7, 13
Let x(u) = 0 + 15*u - 8*u + 3 - 5. Let i be x(2). List the prime factors of ((-4)/(-3))/(i/198).
2, 11
Suppose r = -13*y + 8*y + 1395, -1116 = -4*y + 5*r. List the prime factors of y.
3, 31
Let k be (384/30)/(77/25 + -3). Suppose 2*v - k = 36. What are the prime factors of v?
2, 7
Let y be -7 + (1*1/(-1) - -2). What are the prime factors of (-1 + -1)*(69/y + 3)?
17
Let d = 2102 - 1549. What are the prime factors of d?
7, 79
List the prime factors of 2247/(-6)*(-4)/7.
2, 107
Let p = -5 - -7. Let n(x) = 3*x**3 + 6 - 2*x**3 + 5*x**3 - 3*x - 7*x**3 + 8*x**p. What are the prime factors of n(7)?
2, 17
Let c = -8 - -2. Let l be 56/c*390/(-40). Suppose 0 = -0*k + 4*k + 5*v - l, 0 = -2*k - v + 53. What are the prime factors of k?
29
Let l(v) = -4*v - 7. Let j be l(-5). Let u(t) = 0*t**2 - t - j + 2*t**2 - 3*t**2 + 22*t. What are the prime factors of u(17)?
5, 11
Let f = 739 - 584. What are the prime factors of f?
5, 31
Suppose -4*m - 4*d + 595 = -m, 5*d + 25 = 0. What are the